of 1159873 and 253?
11
What is the highest common factor of 3465 and 2281545?
315
Calculate the highest common factor of 537471 and 156465.
549
What is the greatest common factor of 19728 and 3680016?
48
Calculate the greatest common divisor of 19425 and 162015.
105
What is the highest common factor of 3152756776 and 104?
104
Calculate the highest common factor of 3964 and 1204370228.
3964
What is the highest common factor of 14145 and 82869?
69
What is the highest common divisor of 892975 and 184?
23
What is the greatest common factor of 2056 and 321?
1
What is the greatest common factor of 910 and 11657555?
455
What is the highest common divisor of 3462785 and 60?
5
Calculate the highest common factor of 85822168 and 3183.
1061
What is the greatest common factor of 2296531 and 30825?
137
Calculate the greatest common divisor of 74086048 and 4471.
263
Calculate the greatest common divisor of 2384776 and 2149.
307
What is the highest common divisor of 9472 and 333892736?
4736
Calculate the greatest common factor of 2415 and 3520265.
805
Calculate the greatest common factor of 249851 and 7399.
49
Calculate the greatest common factor of 15941535 and 273054.
8031
What is the highest common divisor of 38461510 and 223250?
8930
What is the highest common divisor of 126701349 and 1374?
687
What is the highest common factor of 182 and 2304512?
14
What is the highest common divisor of 114 and 306216?
6
Calculate the highest common divisor of 1588 and 6479834.
794
What is the greatest common factor of 9101911 and 377?
377
Calculate the greatest common divisor of 751649 and 456907.
569
What is the highest common factor of 2644 and 903131571?
661
What is the greatest common divisor of 109328582 and 1694?
242
What is the greatest common divisor of 6893070 and 810?
30
Calculate the highest common divisor of 3027046 and 132.
22
Calculate the highest common divisor of 2844 and 9776724.
948
What is the greatest common factor of 9240 and 204460?
20
Calculate the highest common factor of 8690 and 64360.
10
Calculate the greatest common divisor of 29176560 and 6.
6
What is the greatest common divisor of 576688 and 299726?
3794
What is the highest common factor of 310 and 48250260?
310
Calculate the highest common divisor of 61194968 and 136.
136
What is the greatest common factor of 24003 and 30626304?
381
What is the greatest common factor of 61694 and 71068?
218
Calculate the greatest common divisor of 19193 and 12499159.
1129
Calculate the highest common divisor of 2316 and 21500586.
1158
What is the greatest common divisor of 188 and 1055024?
4
Calculate the greatest common divisor of 8962509 and 114.
57
What is the highest common divisor of 10238998 and 110?
22
Calculate the greatest common factor of 159156 and 276.
12
Calculate the greatest common divisor of 11621909 and 12948.
1079
Calculate the highest common factor of 1936832 and 2672896.
3392
What is the greatest common factor of 464 and 25122236?
116
Calculate the greatest common divisor of 6691056 and 624.
48
Calculate the highest common divisor of 1495 and 175968.
13
Calculate the greatest common divisor of 174057125 and 3687.
1229
What is the greatest common divisor of 11067 and 6236859?
93
What is the greatest common divisor of 115974602 and 4952?
1238
What is the highest common divisor of 57095725 and 13405?
1915
Calculate the greatest common divisor of 234 and 2356842.
6
Calculate the greatest common factor of 9133420 and 2720.
340
What is the greatest common factor of 58 and 15439687?
29
What is the highest common factor of 723205 and 10?
5
Calculate the greatest common divisor of 3830292 and 18.
18
What is the greatest common divisor of 19619 and 4410863?
853
Calculate the highest common divisor of 15372 and 36853089.
1281
What is the highest common divisor of 270 and 107803230?
30
What is the highest common divisor of 2992 and 27712784?
176
What is the highest common factor of 48000 and 300575?
25
Calculate the greatest common factor of 172 and 30148418.
86
What is the greatest common factor of 687 and 799865169?
687
What is the highest common divisor of 1789144 and 2044?
28
What is the greatest common divisor of 1008 and 309428?
28
What is the greatest common factor of 31217 and 118879?
53
What is the greatest common factor of 93795 and 37000?
185
What is the greatest common divisor of 16652034 and 594?
54
Calculate the greatest common factor of 66529335 and 135.
15
What is the highest common factor of 104 and 19370377?
13
Calculate the greatest common factor of 34321966 and 76258.
5866
Calculate the greatest common divisor of 88648 and 8204.
28
Calculate the highest common divisor of 20260 and 376420.
20
What is the highest common divisor of 19070761 and 5622?
937
What is the highest common factor of 228 and 19269268?
76
Calculate the greatest common divisor of 37869 and 599107.
971
What is the highest common factor of 36702 and 15498?
18
What is the highest common divisor of 208 and 1325857?
13
Calculate the greatest common divisor of 17292 and 9024983.
1441
What is the greatest common factor of 469 and 28354333?
469
What is the highest common factor of 15463497 and 21?
21
Calculate the highest common factor of 28714 and 669798.
586
What is the highest common factor of 140426 and 2136832?
982
What is the highest common divisor of 25792 and 1141699?
403
What is the greatest common divisor of 333244 and 26?
2
Calculate the highest common factor of 133072361 and 1.
1
Calculate the greatest common divisor of 6112 and 274285168.
3056
Calculate the greatest common factor of 19 and 2194966.
1
Calculate the greatest common factor of 3446 and 403381868.
3446
What is the highest common divisor of 60944911 and 1381?
1381
What is the greatest common factor of 1980 and 13620?
60
Calculate the greatest common divisor of 6130811 and 164174.
989
What is the greatest common factor of 338323580 and 140?
140
Calculate the highest common factor of 4554116 and 30996.
1148
Calculate the highest common factor of 1548 and 3602142.
18
Calculate the greatest common factor of 17688 and 29173944.
1608
What is the highest common factor of 1610 and 677810?
1610
Calculate the greatest common divisor of 20153904 and 12.
12
Calculate the greatest common factor of 272218 and 55282.
262
What is the highest common factor of 10 and 34108390?
10
What is the highest common factor of 61427825 and 14100?
1175
What is the greatest common divisor of 10506447 and 263781?
4977
What is the greatest common divisor of 16643 and 479621?
1513
What is the highest common divisor of 629442 and 33066?
198
What is the greatest common factor of 1178778 and 737907?
669
What is the greatest common factor of 22758 and 332202319?
3793
What is the highest common factor of 40224636 and 298?
298
Calculate the greatest common factor of 3825 and 916929.
153
Calculate the greatest common divisor of 7360 and 58977865.
115
What is the greatest common divisor of 4121808 and 784?
16
Calculate the greatest common divisor of 272 and 96793988.
68
Calculate the greatest common factor of 12 and 1540389984.
12
What is the highest common divisor of 7535115 and 665?
665
Calculate the highest common divisor of 2839125 and 1407.
201
What is the highest common factor of 51066 and 1472?
2
What is the highest common divisor of 400232479 and 7871?
7871
What is the greatest common factor of 15294598 and 3365?
673
What is the greatest common divisor of 4109 and 3968120?
587
Calculate the greatest common divisor of 248403 and 1340842.
2671
Calculate the greatest common divisor of 4325 and 121775.
25
Calculate the highest common divisor of 421560 and 3945.
15
Calculate the greatest common divisor of 2781774 and 90.
18
What is the greatest common factor of 15549050 and 8800?
550
What is the greatest common factor of 57782 and 3446?
2
Calculate the highest common divisor of 18512540 and 1420.
1420
Calculate the greatest common divisor of 315522023 and 85.
17
Calculate the greatest common factor of 3283232 and 20768.
1888
What is the greatest common divisor of 95724 and 4068?
36
What is the highest common divisor of 4102238 and 573653?
4127
What is the highest common divisor of 13552 and 4833224?
968
Calculate the highest common factor of 39 and 27528969.
39
What is the gre